+ 4*z - y = 23*j. What is the units digit of j?
4
Let o(q) = -10*q**2 + q - 7. Let l be o(3). Let j = l - -109. What is the tens digit of j?
1
Let k be (16/24)/((24/(-27))/(-4)). Suppose 0 = -k*f + 92 + 223. Let g = f + -52. What is the units digit of g?
3
Let v(w) = -8*w**2 + 183*w + 35. Let o(f) = -4*f**2 + 92*f + 18. Let k(s) = 11*o(s) - 6*v(s). What is the tens digit of k(26)?
5
Let x = -244 - -312. Suppose 464 + x = 4*d - 2*q, 2*d - 4*q - 272 = 0. What is the tens digit of d?
3
Let t(z) = -z**3 + 4*z**2 - 3*z + 9. Suppose -5*q + 3*s = 15, 3*s = -17*q + 18*q - 9. What is the tens digit of t(q)?
8
Let v(d) = 2*d**3 - 3*d**2 + d + 4. Let p(y) = -2*y + 6. Let w be p(2). Let h be v(w). Suppose -3*j = -h - 26. What is the units digit of j?
2
Suppose 133*a - 132*a = -5*u + 21603, 0 = -3*a + 4*u + 64809. What is the thousands digit of a?
1
Let t be ((-69384)/126)/((-4)/6). Suppose t = 2*x - 0*x - 4*w, -w = 5*x - 2032. What is the hundreds digit of x?
4
What is the ten thousands digit of (86/(-8))/((-5738433)/155092 + 37)?
5
Let m(h) = 3*h**2 + 64*h + 59. Let y(t) = t**2 + 15*t - 25. Let w be y(-15). What is the units digit of m(w)?
4
Let i(x) = -11*x - 25. Let r be i(10). Let v = r + 138. Suppose 0 = d + 3*d - 3*p - 801, -5*d = v*p - 981. What is the hundreds digit of d?
1
Let x = -112 + 169. Let g = x + -52. Suppose -g*r + 91 = -159. What is the tens digit of r?
5
Suppose 5*r - 18 = -2*b + 5*b, 4*r + 2*b - 10 = 0. What is the tens digit of 364/r - (-13)/(-39 + 0)?
2
Let z = 53 - 51. Let b be (-40)/(3 + -2) + z. Let h = b - -85. What is the units digit of h?
7
Let q = -670 - -982. Suppose -3*a + q = 3*a. Let o = 115 - a. What is the units digit of o?
3
Suppose -11976 = -i - 915 + 5914. What is the thousands digit of i?
6
Let l = -12151 - -55386. What is the ten thousands digit of l?
4
Let m = 291 - 440. Let q = m - -289. What is the hundreds digit of q?
1
Suppose 9*r = 14*r - 3*u - 128183, u = -4*r + 102560. What is the thousands digit of r?
5
Let z = 113451 - 60217. What is the units digit of z?
4
Let s(v) = v**3 + 18*v**2 + v + 21. Let r be s(-18). Suppose 0 = z - 5 + r. Suppose z*q = 108 - 4. What is the units digit of q?
2
Suppose -5*p - 102402 = -3*t, -92*t - 3*p + 170704 = -87*t. What is the tens digit of t?
3
Suppose 172765 = 5*j + z, 26*j - 28*j = 5*z - 69083. What is the hundreds digit of j?
5
Let m be (-34)/9 - 7/(378/12). Let h(q) = 87*q**2 + 9*q + 34. Let b be h(m). Suppose -18*x = -28*x + b. What is the units digit of x?
9
Suppose -1236 = 6*m - 8*m. Let l = 992 - m. What is the tens digit of l?
7
Let b(l) = -l**2 - 22*l + 177. Let r be b(-29). Let m = -88 + 49. Let g = r - m. What is the units digit of g?
3
Let t = -4151 + 10872. What is the units digit of t?
1
What is the thousands digit of (1 + (-6)/(-12))*2618?
3
Suppose -91 = -3*l + u, u + 21 = l - 12. Let y = 36 - l. What is the tens digit of (-19264)/(-196) + (-2)/y?
9
Let m(d) = d**3 - 4*d**2 - 8*d + 5. Let r be m(6). Let h = r - 22. Suppose -h*g = -541 - 327. What is the tens digit of g?
2
Let d be (-15246)/35 - (-1 - 14/(-10)). Let x = 681 + d. What is the tens digit of x?
4
Let w = -4 + 7. Let m(a) = 9*a + 12. Let b be m(-1). Suppose 3*c + 60 = w*d - 48, -b*d - 4*c = -101. What is the units digit of d?
5
Suppose 24 = 3*x + 3. What is the tens digit of x - ((-30)/(-25))/((-4)/10)?
1
Let y = -57 + -821. Let n = -723 - y. What is the tens digit of n?
5
Suppose 5*y - 53 + 412 = 4*v, -5*v + 2*y + 453 = 0. Suppose 87*w + 272 = v*w. Suppose 2*i + w = 6*i. What is the tens digit of i?
1
Suppose -1603856 = -126*f + 67*f. What is the units digit of f?
4
Suppose 11*k - 17849 - 10383 + 3196 = 0. What is the tens digit of k?
7
Let d = 81 + -42. Let y = -6 + d. Suppose -9 + y = 4*n. What is the units digit of n?
6
Let l(t) = -4*t + 5*t + 2 + 6. Let m be l(-5). Suppose m*q - 62 = 331. What is the units digit of q?
1
Let u = 10610 + -1585. What is the hundreds digit of u?
0
Suppose -158752 = 30*m - 553852. What is the ten thousands digit of m?
1
Let j(o) = o + 1. Let h(v) be the second derivative of -4*v**3 + 21*v**2 - 2*v. Let i(b) = -h(b) + 5*j(b). What is the tens digit of i(6)?
3
Let p = -238 - -472. Let g = p - 95. What is the tens digit of g?
3
Let g(h) = -2*h**3 + 20*h**2 + 19*h + 24. Let t be g(11). Suppose 20 = 4*c - 24. Let w = t + c. What is the units digit of w?
2
Suppose 4 + 5 = g. Let t(n) = -9*n - 4*n - 15*n**2 + 9*n**2 + n**3 + 6. What is the hundreds digit of t(g)?
1
Let u be ((1 - 0)/(-3))/((-5)/30). Suppose u*z - 17 = -3*z + w, -24 = -3*z - 4*w. Suppose -5*c - 133 = -i - c, -608 = -z*i - 3*c. What is the units digit of i?
9
Suppose 10 = -5*v + 15. Let j be (45/v)/(18 + -17). Suppose -3*s = -2*o - 0*o + 92, -o + j = -s. What is the units digit of o?
3
Suppose 5*a + 3*k = -47, 0*k = -5*k - 20. Let g(s) = -2*s**3 - 7*s**2 + 12*s - 14. What is the tens digit of g(a)?
4
Let s = -112 + 99. Let z(f) = -13*f + 72. What is the units digit of z(s)?
1
Let o = 12765 + -1094. What is the thousands digit of o?
1
Let m(v) = -4*v**3 - 9*v**2 - 21*v - 19. Let b be m(-5). What is the tens digit of -2 + -4 + 8 - -1*b?
6
Let y(u) = 2*u - 10 + 11 + 12. Let h be y(-5). Suppose 2*j = -5*r + h*j + 21, 5*j + 5 = 0. What is the units digit of r?
4
Suppose 40*u + 1484 = -32*u + 150956. What is the units digit of u?
6
Let r = 1621 - 1324. Let x = 5 - 3. Suppose a + x*a = r. What is the tens digit of a?
9
Suppose 0 = -y + 3, 46*g - 47*g = y - 5359. What is the units digit of g?
6
Suppose 0 = -4*k + k + 18. Let u(w) = -k*w**2 + 104 - w**3 + 8*w + 4*w**2 - 8*w. What is the hundreds digit of u(0)?
1
Let y(u) = 22*u**3 + 227*u**2 + 9*u - 17. What is the tens digit of y(10)?
7
Let x be 1 + 78 - (-12)/3. Suppose 84*a - 323 = x*a. What is the tens digit of a?
2
Suppose i - 2*f - 54 = 6, -i = -5*f - 69. Suppose -7*h + 212 = -i. Let r = 52 - h. What is the tens digit of r?
1
Let f be (-8)/(-3)*36/16. Suppose -f*y + y = 0. Suppose b + 4*b - 375 = y. What is the tens digit of b?
7
Let a = -2 + 1. Let s = 2523 - 2525. What is the units digit of (-13 + 271)*1/s*a?
9
Let l be 1/2*5/((-20)/20464). Let f = 4278 + l. What is the units digit of f?
0
Suppose 12*y - 2*y = -60. Let a be 4/y*(-168)/16. Suppose -6*z = a*z - 468. What is the units digit of z?
6
Suppose 6*c = 12 - 0. Suppose 0 = v - o - 462, -2*v + 3*o = 304 - 1228. Suppose 0 = -7*a + 4*a - 2*s + 695, -c*s = 2*a - v. What is the tens digit of a?
3
Suppose -258*w + 349*w = 1872143. What is the tens digit of w?
7
Suppose 8 = -w + 4*w - 5*i, -4*i + 1 = 5*w. Let a be (-5)/(w - -4) + 16. Let u(n) = 3*n - 5. What is the units digit of u(a)?
0
Let k be ((-6)/(-10))/(26/130). Suppose -k*n + 389 + 472 = 0. What is the units digit of n?
7
Let v = -15659 - -48262. What is the units digit of v?
3
Let b(f) = f**2 + 16*f - 75. Let h be b(-19). What is the hundreds digit of (-4)/6 + (5 - 2856/h)?
1
Suppose 27 = -5*m + 42. Suppose m*l + 6 = 5*p, -4*l + 1 = p - 14. Suppose 6*s - 5*s - a - 70 = 0, -5*a + 226 = l*s. What is the tens digit of s?
7
Let a = -81 + -66. Let d = 94 + a. Let t = -51 - d. What is the units digit of t?
2
Suppose -14*q - 24 = -8*q. Let y(h) = -267*h + 68. What is the hundreds digit of y(q)?
1
Suppose 4*o - 109848 + 18818 = -5*h, 2*h = -4*o + 91012. What is the ten thousands digit of o?
2
Let d = -28276 + 41021. What is the thousands digit of d?
2
What is the units digit of ((-107964)/(-4))/((-72)/(-48))?
4
Suppose -27*l + 23448 = -10256 - 76159. What is the hundreds digit of l?
0
Suppose -5*u = w - 88, 5*w - 2*u + 6*u = 503. Let k = w - -82. What is the tens digit of k?
8
Let z = 68861 + -33700. What is the hundreds digit of z?
1
Suppose 2*v + 25 - 31 = 0. What is the tens digit of v/(-12) - 4/((-112)/18683)?
6
Let w = 75 - 66. Let z(j) = j**2 + 6*j + 39. Let g be z(w). Suppose 290 = 5*m + 4*l, 3*m - l - g = -4*l. What is the units digit of m?
8
Suppose 10*o = 2*c + 5*o + 213, c + 96 = -o. Let x be (-3)/(3 + c/32). Suppose a - x = -7. What is the tens digit of a?
2
What is the hundreds digit of 11527/2 - 616/(-176)?
7
Let s(l) = -32*l**2 + 46 - 21 + 33*l**2. What is the units digit of s(6)?
1
What is the units digit of (266/(-21) - -13)/(2/(-24)) - -5780?
6
Suppose 730 = -20*q + 25*q. Let j = -27 + 106. Suppose q + j = 3*b. What is the units digit